t f(k) = 4*k**2 - 2*k + 32. List the prime factors of f(-12).
2, 79
Let t be -5 + 3 + 0 - 11. Let r = t - -41. List the prime factors of r.
2, 7
Let r = 44 + -45. List the prime factors of ((-45)/(-5))/r*-3.
3
Let q(c) = -c**2 + 41*c + 135. List the prime factors of q(20).
3, 5, 37
Let y = 55 - 58. List the prime factors of 41/(y + (-16)/(-4)).
41
Let h(f) = -5*f - 17. Suppose 0 = 10*m - 2*m + 64. Let q be (-12)/m*-6 - 3. List the prime factors of h(q).
43
Let p = 158 + -290. Let f = -76 - p. What are the prime factors of f?
2, 7
What are the prime factors of ((-48)/84)/(2/14) + 749?
5, 149
Let p be 70/3 - 4/12. Suppose -41 = -2*y + p. Let d = 64 - y. What are the prime factors of d?
2
What are the prime factors of ((-3)/6)/((-17)/11594)?
11, 31
Let t(c) = 2*c**2 - 25*c - 8. Let f be t(13). Suppose -f*n - 10 = -7*n. What are the prime factors of n?
5
Suppose -2*s + 209 = 2*h - 3*h, 0 = -3*h + 9. What are the prime factors of s?
2, 53
Let l(f) = 2*f**3 - f**2 - 5*f + 5. Suppose -10*y = -1 - 39. What are the prime factors of l(y)?
97
Let o(w) = 26*w**2 + 13*w + 10. List the prime factors of o(-8).
2, 5, 157
Suppose 2*n + 5 + 1 = 3*y, -3*n - 9 = -5*y. Suppose y = 6*i - 2*i + 140. What are the prime factors of 10/i - 254/(-7)?
2, 3
Let n(w) = 2*w**3 - 12*w**2 - 2*w + 7. List the prime factors of n(7).
7, 13
Let i = -361 - -688. What are the prime factors of i?
3, 109
Let q(y) = y**3 + 14*y**2 + 11*y - 19. What are the prime factors of q(-10)?
271
Let c(w) = 33*w + 30. Let z be c(-4). Let k = z + 214. What are the prime factors of k?
2, 7
Suppose 15934 = 4*u - 2*y + 3720, y = 4*u - 12209. Suppose 13*g = 4*g + u. What are the prime factors of g?
3, 113
Let q(a) = -a**2 + a + 2. Let u be q(0). Suppose -6*w + 3*w - 72 = -b, u*b - 2*w = 144. Suppose -108 - b = -5*m. List the prime factors of m.
2, 3
Suppose -4*g + 1 = -151. Let b = -19 + g. What are the prime factors of b?
19
List the prime factors of (2214/(-162))/(1/(-153)).
3, 17, 41
Let n be (20/60)/((-1)/(-9)). Suppose 5*h + 5*v = 370, -2*v + n*v + 5 = 0. List the prime factors of h.
79
Let p(m) = -m**3 - 4*m**2 + 51*m + 4. What are the prime factors of p(-13)?
2, 431
Suppose 3*r = -6, -1701 = -5*f + 2*r - 262. List the prime factors of f.
7, 41
Let f = -2114 + 3695. List the prime factors of f.
3, 17, 31
Suppose -2 = 14*n - 15*n, r = -5*n + 3322. What are the prime factors of r?
2, 3, 23
Let i = 1693 - -814. List the prime factors of i.
23, 109
Suppose -15*c + 14*c = -1399. What are the prime factors of c?
1399
Let s = -512 + 1235. List the prime factors of s.
3, 241
Let j = 12 - 47. Let n = j + 75. What are the prime factors of (n/12)/(4/18)?
3, 5
Let t = 15 - 13. Suppose -t*v = 3*q - 28, -5*q - 60 = -0*v - 2*v. What are the prime factors of v?
2, 5
Let g = -57 - -89. Let f be (-3)/6*1*-6. Suppose -g = -f*w + 13. What are the prime factors of w?
3, 5
Let a(l) be the third derivative of l**4/24 - l**3/3 - 5*l**2. Let w be a(3). What are the prime factors of w - (-1)/(1/3)?
2
Let l(f) = f**2 + 17*f - 3. Let z be l(-11). Let k = 212 + z. What are the prime factors of k?
11, 13
List the prime factors of 4 - 2 - 4 - (2 - 523).
3, 173
Suppose 97350 = -38*s + 68*s. List the prime factors of s.
5, 11, 59
Let q be (-25)/(-4) - (-1)/(-4). List the prime factors of -2 - q/(30/(-125)).
23
Let l be 1 + 6/(-1 - (-10)/6). Suppose -f + 32 - l = -w, -f + 17 = -2*w. List the prime factors of f.
3
Let q = -78 - -80. Suppose -m - 2*g + 336 = 0, q*g - 1298 + 294 = -3*m. What are the prime factors of m?
2, 167
Let p(d) = 9*d - 14. Let g be p(-19). What are the prime factors of g/(-3) + 5/(-3)?
2, 3, 5
List the prime factors of (-8)/(-10) - 23/((-2760)/624264).
11, 43
Suppose 4*f - 5*x - 8509 = 0, -12*f + 4259 = -10*f - x. What are the prime factors of f?
2131
Let n = -99 + 450. List the prime factors of n.
3, 13
Let a = -27 - 99. Let m = a - -262. What are the prime factors of m?
2, 17
Let d(b) = 65*b - 8. Let c be d(-2). Let u = -23 - c. List the prime factors of u.
5, 23
Let z = -1849 - -3280. List the prime factors of z.
3, 53
Let k(q) = q**3 - 5*q**2 + 3*q + 4. Let s be k(3). Let j be 92/s + (-6)/(-15). Let m = j + 26. What are the prime factors of m?
2
Let r(v) = -v**3 - 4*v**2 - 3*v - 3. Let a(o) = o**2 - 10*o + 12. Let s be a(8). Let h be r(s). What are the prime factors of 22/(-3)*h/(-6)?
11
Suppose 6*p - 2200 + 256 = 0. What are the prime factors of p?
2, 3
Let n(j) = 14*j**2 + 13*j - 95. What are the prime factors of n(-17)?
2, 5, 373
Suppose 67*l - 59*l = 4448. List the prime factors of l.
2, 139
Let l(f) = f**2 - 3*f + 3. Let w be l(-9). Let a = 40 + -118. Let i = a + w. List the prime factors of i.
3, 11
Let x be 32/(-24) - (-4)/(-6). Let k be x + -3 + 0/(-4). Let b = 9 + k. List the prime factors of b.
2
Suppose 7406 = 66*n - 59*n. What are the prime factors of n?
2, 23
Suppose -i - 36 = 3*i. Let b(z) = -6*z + 5. What are the prime factors of b(i)?
59
Suppose 8 = t + 3*q + 2, -t - 4*q + 4 = 0. Suppose -1240 = 2*v - t*v. List the prime factors of v.
2, 31
Let n(d) = -d**3 - 10*d**2 - 8*d + 19. Let o be n(-9). Suppose o*q - 816 - 284 = 0. What are the prime factors of q?
2, 5, 11
Let f(b) = -2*b**2 + 6*b + 3. Let c be f(3). Suppose 0 = c*v - 138 - 99. List the prime factors of v.
79
Let s(k) = -k**3 + 8*k**2 - 3*k - 6. Let l be s(7). Let p = l - 6. Suppose -2 = 2*f - p. List the prime factors of f.
7
Let q(n) = 3246*n**2 - n. What are the prime factors of q(-1)?
17, 191
Suppose 5360 = 98*f - 88*f. List the prime factors of f.
2, 67
Suppose 566 = 4*b - 2*t, 2*t - 5 = -3. Suppose 2*v - b = 54. List the prime factors of v.
2, 7
Let o(a) = -2*a**2 - 4*a + 1. Let f be o(-3). Let w(g) be the third derivative of -g**6/120 - g**5/15 + g**3/2 - 7*g**2. What are the prime factors of w(f)?
2, 7
Let h = 8 + -10. Let n be -2 - (-9*12 + h). Suppose -n = -2*f - 2*f. What are the prime factors of f?
3
Let o(c) = -8*c + 32. What are the prime factors of o(-2)?
2, 3
Let h(k) = -2 - 29*k + 29*k - 3*k**2 + 47*k**2. List the prime factors of h(2).
2, 3, 29
Suppose 4*s - 18 = 3*f, f + 2*s + s = -19. Let d(k) = -9*k - 62. Let u(n) = 5*n + 30. Let j(p) = -4*d(p) - 9*u(p). What are the prime factors of j(f)?
2, 17
Let y(t) = 7*t**2 - 8*t + 6. Let c be y(1). Let n = 1 + -1. Suppose -c*j + 3*j + 120 = n. List the prime factors of j.
2, 3, 5
Let l(j) = -j + 14. Let m(i) = 9*i**2. Let n be m(1). Let u be l(n). Suppose -162 = -3*r - 3*p + 7*p, 115 = 2*r - u*p. List the prime factors of r.
2, 5
Let r be (1 + 4/(-2))/1. Let z = r + 7. List the prime factors of (z/5)/(14/35).
3
Let r(o) = -8*o - 6. Let u(z) = 17*z + 13. Let k(i) = -13*r(i) - 6*u(i). Let m be k(3). Suppose 0*b + 5*b = 5*c - 65, m = -3*b. List the prime factors of c.
11
Let h be (6/(-18))/((-2)/(-114)) + -3. What are the prime factors of (-750)/(-17) + h/187?
2, 11
Suppose 2*h - 1 = -3. Let w = h + 3. Suppose 2*s - 12 = -w*p, 4*s - 2 + 5 = 5*p. What are the prime factors of s?
3
Let o be (-2163)/84 - (-2)/(-8). List the prime factors of (o/(-39))/((-2)/(-171)).
3, 19
Let g(z) = 70*z**2 - 101*z + 567. What are the prime factors of g(6)?
3, 827
Let y(p) = 308*p**2 + p + 7. List the prime factors of y(-2).
1237
Suppose 48*l + 0*l - 162240 = 0. What are the prime factors of l?
2, 5, 13
Let y = 240 + -77. Suppose 2*m = -37 + y. What are the prime factors of m?
3, 7
Let h be (-4)/22 + 322/77. Suppose -n + 5*p + 71 = 0, 8*n - 316 = h*n + 4*p. List the prime factors of n.
3
What are the prime factors of 8775/20 + (-6)/(-24)?
439
Suppose 5*l = f - 21, 0 = -2*f - 2*f + 5*l + 39. Suppose -3*d = 2*w - 75, -3*d - f = 3. List the prime factors of w.
2, 3, 7
What are the prime factors of ((-16)/(-28))/4 - 2813/(-7)?
2, 3, 67
Suppose -255 = -8*u + 5*u. List the prime factors of u.
5, 17
Let v be (-152)/24*(1 + -4). Let h = v - -77. Suppose 11*f = 7*f + h. List the prime factors of f.
2, 3
Let d = -118 - -184. What are the prime factors of d/(-4)*(47/(-3) + 1)?
2, 11
Suppose -17*o - 1453 = -4343. List the prime factors of o.
2, 5, 17
List the prime factors of (-3 - (8/(-2) - -602))*-1.
601
Suppose -2*k - 371 = -2*i + 511, -3*k = 4*i - 1792. List the prime factors of i.
5, 89
Suppose 3*u + 16 = 25. Suppose 4*k = -4, g - u*g = -2*k - 6. List the prime factors of 1/g*(1 - -61).
31
Let b(